at is the remainder when 13090 is divided by 1006?
12
What is the remainder when 187001 is divided by 46743?
29
What is the remainder when 61417 is divided by 20?
17
Calculate the remainder when 24989 is divided by 4992.
29
Calculate the remainder when 269314 is divided by 3639.
28
What is the remainder when 109821 is divided by 24?
21
Calculate the remainder when 9704 is divided by 19.
14
What is the remainder when 892 is divided by 449?
443
What is the remainder when 78117 is divided by 20?
17
What is the remainder when 881699 is divided by 62?
59
What is the remainder when 294 is divided by 60?
54
Calculate the remainder when 32560 is divided by 18.
16
Calculate the remainder when 1503434 is divided by 1454.
1452
What is the remainder when 101748 is divided by 125?
123
What is the remainder when 184834 is divided by 292?
290
Calculate the remainder when 19672 is divided by 123.
115
What is the remainder when 28136 is divided by 287?
10
What is the remainder when 1804 is divided by 1609?
195
Calculate the remainder when 2882 is divided by 1434.
14
Calculate the remainder when 1075064 is divided by 358346.
26
Calculate the remainder when 130218 is divided by 11833.
55
Calculate the remainder when 75529 is divided by 5035.
4
Calculate the remainder when 579676 is divided by 579672.
4
What is the remainder when 373821 is divided by 385?
371
Calculate the remainder when 4785 is divided by 476.
25
Calculate the remainder when 10630 is divided by 76.
66
What is the remainder when 975498 is divided by 325163?
9
What is the remainder when 14175 is divided by 1574?
9
Calculate the remainder when 7372 is divided by 2105.
1057
Calculate the remainder when 172345 is divided by 258.
1
Calculate the remainder when 5144 is divided by 303.
296
What is the remainder when 9550 is divided by 3180?
10
What is the remainder when 5982 is divided by 77?
53
What is the remainder when 567 is divided by 454?
113
Calculate the remainder when 126220 is divided by 386.
384
What is the remainder when 16756 is divided by 125?
6
Calculate the remainder when 52910 is divided by 10577.
25
What is the remainder when 3251 is divided by 177?
65
Calculate the remainder when 2609 is divided by 58.
57
What is the remainder when 241864 is divided by 375?
364
Calculate the remainder when 2992540 is divided by 997507.
19
What is the remainder when 943396 is divided by 306?
304
What is the remainder when 45477 is divided by 562?
517
Calculate the remainder when 142197 is divided by 638.
561
What is the remainder when 277310 is divided by 46216?
14
Calculate the remainder when 2948 is divided by 20.
8
What is the remainder when 1813 is divided by 155?
108
Calculate the remainder when 873 is divided by 46.
45
Calculate the remainder when 19520 is divided by 42.
32
What is the remainder when 8364 is divided by 4144?
76
Calculate the remainder when 12925 is divided by 2581.
20
Calculate the remainder when 40708 is divided by 33.
19
Calculate the remainder when 435468 is divided by 306.
30
Calculate the remainder when 13801 is divided by 1061.
8
What is the remainder when 20822 is divided by 24?
14
Calculate the remainder when 24548 is divided by 8178.
14
Calculate the remainder when 17697 is divided by 20.
17
What is the remainder when 13381 is divided by 44?
5
Calculate the remainder when 3615 is divided by 611.
560
What is the remainder when 109847 is divided by 1371?
167
Calculate the remainder when 113523 is divided by 23.
18
Calculate the remainder when 1268646 is divided by 28.
22
Calculate the remainder when 1670 is divided by 418.
416
Calculate the remainder when 1361 is divided by 336.
17
Calculate the remainder when 2637 is divided by 1087.
463
Calculate the remainder when 342599 is divided by 179.
172
What is the remainder when 1069 is divided by 204?
49
Calculate the remainder when 326325 is divided by 182.
181
Calculate the remainder when 425345 is divided by 65.
50
What is the remainder when 26193 is divided by 25?
18
Calculate the remainder when 2314936 is divided by 74.
68
What is the remainder when 7047 is divided by 200?
47
What is the remainder when 42598 is divided by 142?
140
What is the remainder when 9780 is divided by 319?
210
What is the remainder when 1163165 is divided by 205?
200
Calculate the remainder when 70648 is divided by 169.
6
What is the remainder when 50919 is divided by 863?
2
Calculate the remainder when 2958 is divided by 80.
78
Calculate the remainder when 2517 is divided by 7.
4
Calculate the remainder when 3136 is divided by 104.
16
What is the remainder when 1720 is divided by 32?
24
What is the remainder when 8321 is divided by 951?
713
Calculate the remainder when 1037 is divided by 376.
285
What is the remainder when 156747 is divided by 3821?
86
What is the remainder when 81067 is divided by 41?
10
What is the remainder when 529 is divided by 270?
259
What is the remainder when 16644 is divided by 116?
56
Calculate the remainder when 16121 is divided by 9.
2
Calculate the remainder when 96071 is divided by 57.
26
What is the remainder when 8681 is divided by 2679?
644
Calculate the remainder when 620652 is divided by 310324.
4
Calculate the remainder when 22407 is divided by 95.
82
What is the remainder when 961 is divided by 516?
445
What is the remainder when 8134 is divided by 30?
4
What is the remainder when 277562 is divided by 664?
10
What is the remainder when 22063 is divided by 4309?
518
Calculate the remainder when 9531 is divided by 2259.
495
What is the remainder when 4085 is divided by 1310?
155
Calculate the remainder when 685 is divided by 24.
13
What is the remainder when 900 is divided by 249?
153
What is the remainder when 233486 is divided by 434?
428
What is the remainder when 39799 is divided by 7892?
339
What is the remainder when 7472 is divided by 99?
47
What is the remainder when 550917 is divided by 38?
31
Calculate the remainder when 17661 is divided by 19.
10
What is the remainder when 37349 is divided by 2334?
5
What is the remainder when 228 is divided by 47?
40
What is the remainder when 121452 is divided by 208?
188
Calculate the remainder when 2475 is divided by 419.
380
What is the remainder when 2524 is divided by 3?
1
What is the remainder when 302691 is divided by 13?
12
What is the remainder when 3686 is divided by 893?
114
What is the remainder when 17377 is divided by 305?
297
What is the remainder when 393547 is divided by 170?
167
Calculate the remainder when 83103 is divided by 6.
3
What is the remainder when 703 is divided by 146?
119
What is the remainder when 565771 is divided by 399?
388
Calculate the remainder when 151887 is divided by 299.
294
Calculate the remainder when 38787 is divided by 326.
319
Calculate the remainder when 144250 is divided by 158.
154
Calculate the remainder when 4998 is divided by 19.
1
Calculate the remainder when 1292360 is divided by 22.
14
What is the remainder when 140411 is divided by 236?
227
What is the remainder when 350634 is divided by 50089?
11
Calculate the remainder when 377 is divided by 116.
29
What is the remainder when 11374 is divided by 12?
10
Calculate the remainder when 19799 is divided by 31.
21
Calculate the remainder when 249967 is divided by 444.
439
What is the remainder when 20072 is divided by 912?
8
Calculate the remainder when 66239 is divided by 92.
91
What is the remainder when 883 is divided by 132?
91
Calculate the remainder when 1722 is divided by 1714.
8
What is the remainder when 1216124 is divided by 1175?
1174
Calculate the remainder when 158733 is divided by 2560.
13
Calculate the remainder when 24143 is divided by 12066.
11
Calculate the remainder when 28411 is divided by 14155.
101
What is the remainder when 587 is divided by 57?
17
Calculate the remainder when 81892 is divided by 64.
36
Calculate the remainder when 9757 is divided by 1391.
20
What is the remainder when 9314 is divided by 264?
74
Calculate the remainder when 13496 is divided by 684.
500
What is the remainder when 8369 is divided by 2631?
476
Calculate the remainder when 93040 is divided by 8455.
35
Calculate the remainder when 2964 is divided by 970.
54
Calculate the remainder when 12402 is divided by 4123.
33
Calculate the remainder when 75625 is divide